 + 34?
33
In base 9, what is -504 + -4?
-508
In base 16, what is -4 + 115?
111
In base 2, what is 110101011010 + -11?
110101010111
In base 4, what is 10111 - 1002?
3103
In base 5, what is 402 - 144?
203
In base 9, what is 120 - 3?
116
In base 8, what is 1 + -13362?
-13361
In base 3, what is 2 - 221121?
-221112
In base 16, what is -5 - -273?
26e
In base 12, what is 0 + 52?
52
In base 11, what is -6 + 42?
37
In base 10, what is 1 + 0?
1
In base 6, what is 3 + -121?
-114
In base 2, what is 100 - 1111111?
-1111011
In base 7, what is 4 - -264?
301
In base 8, what is -5 + -261?
-266
In base 2, what is -1101000010 - -1000?
-1100111010
In base 12, what is -522 + -4?
-526
In base 12, what is -1 + -9b3?
-9b4
In base 3, what is -2012210 + 1?
-2012202
In base 2, what is 110 - 100010?
-11100
In base 5, what is 3003 - 0?
3003
In base 12, what is -84 - -5?
-7b
In base 12, what is 5 - 27?
-22
In base 2, what is -101001 - -11001010?
10100001
In base 15, what is -8 - -b0?
a7
In base 5, what is -3 - 1123?
-1131
In base 7, what is -5355 + 2?
-5353
In base 14, what is -14 + -2?
-16
In base 12, what is 36 + 4?
3a
In base 14, what is 5a + 42?
9c
In base 11, what is 310 + 9?
319
In base 3, what is -2011 + 1?
-2010
In base 12, what is -3 - -165?
162
In base 14, what is 238 - 5?
233
In base 11, what is -2 + 331a?
3318
In base 5, what is 2 + -204443?
-204441
In base 15, what is 4 - -366?
36a
In base 16, what is 36 - -1a?
50
In base 4, what is -3 + 2132?
2123
In base 11, what is 40 - -7?
47
In base 13, what is a0 + 5?
a5
In base 2, what is -100011 + 10110?
-1101
In base 14, what is d - -24b?
25a
In base 15, what is 35b - -5?
361
In base 5, what is -21 - -13?
-3
In base 10, what is -737 + 3?
-734
In base 10, what is -5 - -820?
815
In base 2, what is -101 + -110110101011?
-110110110000
In base 2, what is -11 + 101110001?
101101110
In base 16, what is 8e4 + 5?
8e9
In base 4, what is -13 + 21023?
21010
In base 5, what is -333 - -10?
-323
In base 8, what is -10 - -7?
-1
In base 4, what is 3112 - -3?
3121
In base 3, what is 212 - 102000?
-101011
In base 4, what is -12 - -2100?
2022
In base 14, what is -13 - -6?
-b
In base 2, what is 10 + -1100000010?
-1100000000
In base 10, what is -4 - 371?
-375
In base 16, what is 184 - 36?
14e
In base 14, what is 1db + 3?
200
In base 6, what is -1251 + 23?
-1224
In base 3, what is -1010211 + 11?
-1010200
In base 5, what is 14 - 13?
1
In base 4, what is -2331 - 10?
-3001
In base 3, what is -212 + 11?
-201
In base 11, what is 2 + 37?
39
In base 13, what is 2b + -158?
-12a
In base 8, what is -5 + 422?
415
In base 6, what is 10315 + -12?
10303
In base 13, what is -2 + 1672?
1670
In base 12, what is 280 + 2?
282
In base 7, what is -4 - 12?
-16
In base 4, what is -13 + 1?
-12
In base 9, what is 4 - -857?
862
In base 11, what is -2 - -1001?
aaa
In base 11, what is 0 - -7?
7
In base 3, what is -1122 + -2?
-1201
In base 14, what is 2a9 - 1?
2a8
In base 14, what is 0 + -19?
-19
In base 11, what is -56 - 0?
-56
In base 6, what is 1005453 - -2?
1005455
In base 3, what is -21022 - 211?
-22010
In base 15, what is 1 - -1?
2
In base 4, what is 30 - 20?
10
In base 14, what is -2 + 31?
2d
In base 11, what is -5 + -55?
-5a
In base 5, what is -12 + 123?
111
In base 9, what is 421 + -115?
305
In base 16, what is -4 - 34f?
-353
In base 6, what is -2 - -42111?
42105
In base 8, what is -2 + -15?
-17
In base 12, what is -13 - 3?
-16
In base 10, what is -129 - 2?
-131
In base 9, what is -106 + 4?
-102
In base 12, what is 25 - a?
17
In base 14, what is -276 - -2?
-274
In base 4, what is 110133 + 3?
110202
In base 9, what is 34 + 24?
58
In base 16, what is -4 - 7f?
-83
In base 3, what is -212211 - 11?
-212222
In base 16, what is -17 - -21?
a
In base 9, what is 2607 + -2?
2605
In base 3, what is -2012 + 10122?
1110
In base 16, what is 10b2 + 4?
10b6
In base 5, what is -2 + -34103?
-34110
In base 11, what is 8 + -435?
-428
In base 6, what is 1 + -1134?
-1133
In base 4, what is -1330 - 2?
-1332
In base 11, what is 3 - 22?
-1a
In base 8, what is -27 - -20?
-7
In base 14, what is -5 + 6?
1
In base 7, what is 40 + -20?
20
In base 9, what is -58 + 1?
-57
In base 16, what is 4 - 3?
1
In base 3, what is -2112 - -111?
-2001
In base 16, what is -360 + -5?
-365
In base 2, what is -1001011000 + 10100?
-1001000100
In base 7, what is -11 + 31?
20
In base 11, what is -536 + 3?
-533
In base 9, what is -11406 - -4?
-11402
In base 16, what is -35 - 0?
-35
In base 10, what is -221 - 9?
-230
In base 2, what is -11101111 + 111?
-11101000
In base 6, what is -4 - 1245?
-1253
In base 12, what is 288 - 3?
285
In base 11, what is -10 + 45?
35
In base 8, what is -3 - 426?
-431
In base 4, what is -1022213 + 10?
-1022203
In base 9, what is 7 - -231?
238
In base 13, what is 2 - 1?
1
In base 12, what is -2a59 + -1?
-2a5a
In base 5, what is -3 - -33100?
33042
In base 16, what is d + 12?
1f
In base 11, what is 8 + -35?
-28
In base 12, what is -1 + -34?
-35
In base 15, what is -5 - -1775?
1770
In base 2, what is 1 - 10010010?
-10010001
In base 16, what is 3 + -1d?
-1a
In base 12, what is 956 + 1?
957
In base 4, what is 1120 - -10?
1130
In base 15, what is 3 + -25?
-22
In base 7, what is 4 + 463?
500
In base 9, what is 26 - 7?
18
In base 16, what is -c - -4?
-8
In base 15, what is 10b - 3?
108
In base 16, what is -20 - -a?
-16
In base 2, what is 1100100101 - -1?
1100100110
In base 3, what is 200 - 11022?
-10122
In base 2, what is 11 + 10010010?
10010101
In base 2, what is 11001000 + -1?
11000111
In base 9, what is 55 + 4?
60
In base 3, what is 10010012 + 0?
10010012
In base 7, what is 252 + -2?
250
In base 9, what is -5 + -7?
-13
In base 2, what is 10 + -111010?
-111000
In base 13, what is -3 - 188?
-18b
In base 7, what is -4 + 14400?
14363
In base 2, what is -100110 + -11?
-101001
In base 10, what is 1679 - -1?
1680
In base 7, what is -320 + -1?
-321
In base 6, what is 2 + -113?
-111
In base 12, what is 2 - -206?
208
In base 13, what is 1aa + -8?
1a2
In base 11, what is -5679 + -4?
-5682
In base 3, what is 2010222 - 1?
2010221
In base 14, what is 0 + -cb?
-cb
In base 12, what is -8 - -9?
1
In base 4, what is -1 + 1020212?
1020211
In base 9, what is -675 - 61?
-746
In base 12, what is a4 + 5?
a9
In base 8, what is 2 - -1332?
1334
In base 7, what is 20 - -13?
33
In base 9, what is 7324 + 4?
7328
In base 7, what is 4 - 2030?
-2023
In base 15, what is -42 - -4?
-3d
In base 6, what is -3 + -1554?
-2001
In base 7, what is 52 + 10?
62
In base 3, what is -121112 + 201?
-120211
In base 8, what is -10 + 11?
1
In base 8, what is 1 + -3172?
-3171
In base 5, what is -10 - -4144?
4134
In base 12, what is 27 + a8?
113
In base 4, what is 230 + 3?
233
In base 2, what is -101 - 110?
-1011
In base 7, what is 5 - -31154?
31162
In base 16, what is -1 + 43?
42
In base 15, what is 18 - -c?
25
In base 6, what is 5 + -54?
-45
In base 10, what is 29 - -4?
33
In base 4, what is -2 + 322101?
322033
In base 12, what is -2 - -87?
85
In base 4, what is -1031 - 23?
-1120
In base 13, what is 458 + 3?
45b
In base 16, what is -c + -6?
-12
In base 8, what is 7666 + -5?
7661
In base 13, what is 2 + 89?
8b
In base 12, what is -177 + 2?
-175
In base 14, what is 39 + 13?
4c
In base 6, what is 2 - 500?
-454
In base 6, what is 2 + 230?
232
In base 7, what is -4 - 5?
-12
In base 7, what is 1101 + 3?
1104
In base 9, what is 15 - 44?
-28
In base 3, what is -1021 - 100?
-1121
In base 15, what is -77b - 2?
-77d
In base 6, what is 121 - 1001?
-440
In base 3, what is 12 - 10212120?
-10212101
In base 4, what is -103121 - 0?
-103121
In base 2, what is 1111111 + 11?
10000010
In base 12, what is 7363 - -2?
7365
In base 9, what is -65 - -66?
1
In base 12, what is 8967 - -1?
8968
In base 2, what is -1001101100001 - 10?
-1001101100011
In base 14, what is -d - -93?
84
In base 13, what is 70ab + 0?
70ab
In base 9, what is -72480 + 2?
-72477
In base 2, what is 10110011000 - -101?
10110011101
In base 5, what is 20 + 14?
34
In base 13, what is 4 + 35?
39
In base 4, what is 102120 + -11?
102103
In base 13, what is 0 + 0?
0
In base 9, what is -33 + -20?
-53
In base 2, what is -100 + -100101010?
-100101110
In base 5, what is -10 - 1330?
-1340
In base 15, what is ba + 3?
bd
In base 15, what is 8 - 1b?
-13
In base 7, what is 2614 + 2?
2616
In base 5, what is -3 